et c = 32 - 17. What is the highest common divisor of c and 10?
5
Let p be ((-2)/5)/((-2)/10). Let q be ((-480)/25)/(-4)*10/3. Calculate the greatest common factor of p and q.
2
Let y be 2 + 1/1 + 16. Suppose 0 = 2*q + 2*q + 5*v - 43, 4*q - y = 3*v. Let p be (-2)/(2/(-2)) + 47. Calculate the greatest common divisor of p and q.
7
Suppose 5*t = -1295 + 5725. Suppose z = p + 148, -5*z + 2*p + t - 131 = 0. What is the highest common factor of 17 and z?
17
Suppose 3*g - 2 - 4 = 0. Let c be (-18)/(-3*g/16). Suppose c = q + 3*q. Calculate the highest common divisor of q and 12.
12
Let j(k) be the third derivative of k**4/4 - k**3/2 - 4*k**2. Suppose 3*a - 11 = -2. Let s be j(a). What is the highest common factor of 105 and s?
15
Let g(i) = i - 2. Let u be g(6). Let v be (8/u)/(2 - 0). Let d be 1*v/1 + 3. Calculate the greatest common divisor of 20 and d.
4
Suppose -x + 22 = 4*x + 3*u, 0 = 5*x - 4*u + 6. Suppose 0 = -l - x - 1, 0 = -3*j - l + 177. What is the highest common divisor of 15 and j?
15
Suppose 2*j = f, f = -j + 3*f - 6. Let h be (j/(-5))/((-1)/10). What is the highest common divisor of h and 4?
4
Suppose u + 2*p - 4 = 3*p, -2*p = -2. Suppose -5*h + 33 = -5*i + 163, 4*h = -8. Let s = i + 16. Calculate the greatest common divisor of u and s.
5
Let q = 103 + -73. Suppose 3*n = 3*m + m - 5, 4*n - q = -2*m. Suppose -41 = -m*c + 14. What is the greatest common factor of c and 33?
11
Let m(s) = 2*s + 4. Let g be m(5). Suppose 0 = -3*o - j + 7, 4*o - 2*o = 4*j + g. What is the highest common divisor of 1 and o?
1
Let m(j) = 2*j + 14. Let h be m(-6). Calculate the highest common factor of h and 22.
2
Suppose -3 - 7 = -5*u. Calculate the highest common factor of u and 1.
1
Let d be ((-2 + -3)*2)/(-2). Suppose q - d*z = -q + 25, -3*z - 12 = -q. What is the greatest common factor of q and 30?
15
Suppose -12 = 5*b - 137. Let f = -18 + 23. Calculate the greatest common factor of f and b.
5
Let o = 8 + -5. Suppose -o*v = 2*s - 68, -5*v + 4*s + 70 = -36. What is the highest common factor of 11 and v?
11
Let w be 8/6*3/1. Suppose -3*b + 0*b + 154 = -k, 5*b - 3*k = 262. Suppose -b = -3*s - 2*s. What is the greatest common factor of s and w?
2
Suppose -5*w + 103 = -12. Suppose 3*z + 0*z = 69. What is the greatest common divisor of w and z?
23
Suppose -w + 32 = 2*v, -28 = 4*w - 3*v - 123. Calculate the greatest common factor of 78 and w.
26
Let f be (7/(-1))/(1/(-16)). Let d be (-45)/(-10)*2*5. Let m = d - 29. Calculate the highest common factor of f and m.
16
Suppose -3*p + 3*o + 30 = 0, o + 2 - 4 = -p. Let s be ((-36)/5)/(4/(-30)). Suppose a = -0*a + s. Calculate the highest common factor of a and p.
6
Let w(q) = q**3 - 7*q + 6. Let f = -3 + 7. Let d be w(f). What is the highest common divisor of d and 28?
14
Let y(z) = -z + 5. Let n be y(5). Suppose -88 = -4*o - n*o. Calculate the highest common divisor of 22 and o.
22
Let y(g) = g**2 - 10*g - 6. Let m be y(11). Suppose -m*p = -2*p - 33. Calculate the greatest common factor of p and 44.
11
Let a be (0 - -9) + -1 + 2. Suppose 91 = 5*s - 144. Suppose -2*w + w + u = -s, 106 = 2*w + 2*u. Calculate the highest common divisor of a and w.
10
Let j = 17 - -15. Let h = 0 - -2. Suppose -h*f + j = -f - 4*z, 0 = -4*f + 4*z + 68. Calculate the highest common divisor of f and 84.
12
Let z be 2/11 + (-216)/(-22). Suppose -z = 3*v - 4*v. What is the greatest common divisor of v and 10?
10
Suppose -3*r + 57 = -9. Let j = -12 + r. Calculate the highest common divisor of j and 80.
10
Suppose 3*f + 2 = -1. Let c(u) = -104*u. Let y be c(f). Calculate the greatest common divisor of 13 and y.
13
Suppose z + 2*h - 14 = 0, z + 2*h - 12 = -2*h. Let f = z - -4. Let u = f - 12. What is the greatest common divisor of 2 and u?
2
Let g = -14 + 6. Let r = g - -12. Suppose -30 = -r*c + 2*p, 2*c - 5*p + 60 = 7*c. Calculate the highest common factor of c and 9.
9
Let f(s) = -6*s - 10. Let p be f(-9). Let x = p - 22. Let v be 2/(-3)*(-297)/6. Calculate the highest common divisor of x and v.
11
Let o(g) = 46*g**2 + g. Let w be o(1). Suppose -4*y - w = -2*z + z, 0 = -2*y - 10. Calculate the greatest common factor of z and 9.
9
Suppose -2*u - 3*u = 2*g - 48, -4*u = 2*g - 38. Let q(w) = -w**3 + 7*w**2 + 16*w - 2. Let z be q(7). Calculate the highest common factor of z and u.
10
Let n(h) = -h**3 - 2*h**2 - 3*h - 1. Let d be n(-3). What is the highest common divisor of 17 and d?
17
Let x = 86 + 19. Calculate the greatest common divisor of 42 and x.
21
Let m be (-1 - -1) + 0 + 8. Calculate the highest common factor of 8 and m.
8
Let v = -15 + 35. Suppose r + 3*y - 2 = 0, -4*y + 2*y - 4 = 0. Calculate the greatest common divisor of r and v.
4
Let i = 3 + 5. Suppose c - i = -3*c, -3*c = -f + 36. Calculate the greatest common factor of 28 and f.
14
Let t(g) = -7*g + 58. Let o be t(8). What is the highest common divisor of 5 and o?
1
Let x(p) = -18*p - 2. Let v be x(-2). What is the greatest common divisor of 85 and v?
17
Let h be 24/((-6)/(-20) + -6 + 6). Calculate the greatest common factor of 16 and h.
16
Let m(l) = -l - 7. Let b be m(5). Let q be 6*b/9*-4. Calculate the highest common divisor of q and 4.
4
Let y be 0 + (-2)/(-4)*86. Let f = y - -83. Calculate the greatest common factor of f and 18.
18
Suppose 9 = -v + y - 4*y, 3*y = -12. What is the greatest common factor of v and 33?
3
Suppose -2*y + 21 = -11. Let j(z) = -16*z + 12. Let i be j(9). Let w be i/(-30) - (-2)/(-5). What is the greatest common factor of w and y?
4
Suppose -5*p - 2*i + 9 = -6*p, 0 = -4*p + 3*i - 46. Let m = -5 - p. Calculate the greatest common divisor of m and 8.
8
Let h(t) be the second derivative of -4*t**3/3 - t**2/2 + t. Let g be h(-5). Suppose -4*f + 14 = -38. Calculate the greatest common factor of f and g.
13
Suppose -t - 2*t + 8 = 5*o, -3*t - 3*o + 6 = 0. Let y be (t/((-2)/(-8)))/2. Calculate the highest common factor of y and 16.
2
Suppose 0 = 3*o - 85 - 80. Suppose -l + 40 = 4*w, 2*w + 5*l + 42 = 4*w. Suppose -m = -2*z - w - 8, 3*z + 23 = m. Calculate the highest common factor of o and m.
11
Suppose -6 = -3*t + 3*c, t + c = 3*t - 6. What is the greatest common factor of 64 and t?
4
Let j(g) = -g**2 + 9*g - 6. Let a be j(6). Suppose 0 = -2*k - 2*k + 72. Calculate the highest common divisor of k and a.
6
Let r(h) = -h**2 + 5*h + 1. Let b be r(3). Suppose b*i = 4*i + 18. What is the highest common factor of 18 and i?
6
Let u(m) = -6*m - 20. Let g be u(-6). Calculate the highest common factor of 64 and g.
16
Suppose -4 = -4*i + 4*s, -2 = 5*i - s + 3*s. Let q = 2 + i. Suppose -4*g + 34 = -30. Calculate the highest common divisor of g and q.
2
Let b(h) = 50*h - 2. Let z(m) = -m**3 - 4*m**2 - m. Let w be z(-4). Let f be b(w). Calculate the greatest common factor of f and 18.
18
Let v = 11 + -9. Suppose -3*x = -4*y + v*x + 22, y - 6 = x. Calculate the highest common factor of y and 4.
4
Suppose -2*q - 3*q + 20 = 0. Suppose -3*j + 38 = -q. What is the highest common divisor of 7 and j?
7
Let k be 41/4 - (-2)/(-8). Let r = -4 + k. What is the greatest common factor of 2 and r?
2
Let c = 167 - 107. What is the greatest common factor of c and 15?
15
Let c = -24 - -48. What is the greatest common factor of c and 3?
3
Suppose -28*y + 440 = -8*y. Calculate the greatest common factor of 286 and y.
22
Let g = -11 - -6. Let a be -1*g/((-10)/(-224)). Calculate the highest common divisor of a and 14.
14
Let i = -6 - -1. Let r(a) = 10*a + 7. Let v(q) = 3*q + 2. Let x(d) = 2*r(d) - 7*v(d). Let b be x(i). What is the highest common divisor of b and 45?
5
Let y be (6/(-4))/(2/4). Let k be 0*y/6 + 39. Calculate the highest common divisor of 26 and k.
13
Let b = 7 + 5. Calculate the highest common divisor of 2 and b.
2
Let n = -1 + 1. Suppose 11 = x - n*x. Let s = 268 - 158. Calculate the highest common factor of s and x.
11
Let h = -8 - -9. Let q be (-15 - h)/(1/(-12)). What is the highest common factor of 24 and q?
24
Let z = 3 + -5. Let r be ((2 + z)/3)/3. Suppose t + r*t + 5*s = -9, -9 = -t + s. What is the highest common factor of 48 and t?
6
Let b(z) = 2*z - 8. Let d be b(8). Let o be 4 + -2*1/2. Let f be 2/4 + o/6. Calculate the greatest common divisor of f and d.
1
Let t be (286/(-3 + 1))/(-1). Let o be (-26)/4*-2*6. Let s be ((-3)/(-9))/(2/o). Calculate the greatest commo